is 0 + 4 - (0 + 5)?
-1
What is 5 + (3 - (0 + 4) - 2)?
2
Calculate 14 + (9 + -8 - 9).
6
-3 + (1 - 4) + 4
-2
Evaluate -6 - 1 - -6 - 0.
-1
Calculate -4 + -1 + (35 - 24).
6
Evaluate -6 + -2 + 13 + -8.
-3
Evaluate (14 - (1 + 2)) + -16.
-5
2 - ((-9 - -5) + (2 - 1))
5
-1 - (-3 - (-6 + 0 - -3))
-1
Evaluate (4 - (4 - 6)) + 2 + -3.
5
What is (1 + 0 - (8 - 8)) + -5?
-4
What is the value of 7 - ((0 - -4) + 4 + -5)?
4
What is the value of 12 + 0 - (103 - 84)?
-7
(6 + -3 - 2) + 4
5
What is the value of -4 + 0 + 3 - (-1 - 0)?
0
Evaluate 0 + 1 + (-14 - -13).
0
Calculate (1 + -2 - (-1 - 1)) + -1.
0
Calculate -1 + 2 + 5 + (13 - 14).
5
What is the value of 11 - 14 - 7 - -19?
9
7 - (-6 + 3 + 4 + -2)
8
What is the value of -5 - (1 + 3 + -3 + 0)?
-6
Calculate 7 + (-13 - (-12 + 11)).
-5
Evaluate 0 - (-18 - -5) - 4.
9
What is (3 - -2 - -1) + -5?
1
Calculate (0 + 3 - 2) + -4.
-3
(0 - (-1 - -5)) + 14
10
Evaluate 1 - (3 + 11 + -7).
-6
Calculate -1 + 0 + 4 - (1 - -1).
1
What is 3 - (6 - (-7 - (4 + -11)))?
-3
Calculate -1 + (-6 - -4 - -1).
-2
What is the value of (-2 - 2) + 7 + -5 + 4?
2
What is the value of 4 - (-8 + 9) - 0?
3
Evaluate 5 - (1 + -3 + 2).
5
What is 5 - (1 + 8) - -1?
-3
Calculate (-3 - 1) + 8 - (2 - -6).
-4
Calculate -7 - (-1 - 14) - -1.
9
(-6 + 6 - -6) + -3
3
Calculate 3 + (-2 - -10) + (-18 - -16).
9
What is the value of -9 - (-5 + 2) - -1 - -1?
-4
Calculate 8 + -5 + -7 + -2.
-6
What is 9 - (-4 - (3 - 12))?
4
What is 4 + 1 - 4 - 2?
-1
What is 13 + -1 - (3 - (-1 - 2))?
6
Evaluate (2 - (2 + -5)) + (-89 - -87).
3
(-12 + 16 - 2) + 3
5
Evaluate -6 - ((21 - 19) + (-1 - 2)).
-5
What is (0 - -3) + (8 - (5 + 1))?
5
What is the value of -13 - (-6 + -10 + 2 + 6)?
-5
Calculate 10 - 7 - (0 + -3).
6
What is the value of 0 + 0 + -8 + 9?
1
What is -1 + 6 + (-5 - 5)?
-5
-8 - -2 - (-30 + 25)
-1
What is -7 + (-5 - 5 - -8)?
-9
What is the value of -5 + 5 + 1 - 0?
1
5 - -1 - (48 + -34)
-8
What is the value of 8 - 1 - (3 - (-7 + 8))?
5
6 + (2 - 6) - (3 - -1)
-2
What is the value of 6 - 1 - (9 - 11 - -12)?
-5
What is the value of -2 - (1 - 1 - (7 - 3))?
2
Evaluate -4 + -1 + 3 + 4.
2
Evaluate 4 + 2 - (-1 + 0 + 4).
3
Calculate -94 + 103 + (-6 - 0).
3
Calculate 14 + -3 + -12 + (3 - 10).
-8
Calculate (-5 - ((-6 - -5) + -2)) + -4.
-6
Evaluate -7 - (10 + (-3 - 3) + -5).
-6
What is 1 + 7 + 6 + -8 + -1?
5
(3 - -5) + -10 + -1
-3
Calculate -4 - (-8 + 0 - -10).
-6
What is (-1 - -10 - (-1 - -8)) + 4?
6
What is 21 - 14 - (1 - 2)?
8
Calculate 6 + 7 + -9 + (-4 - 8).
-8
What is -74 + 67 - (-9 - -1)?
1
What is the value of -8 - -5 - (-2 - 1) - 5?
-5
Evaluate 1 + -2 + 4 - (3 - 6).
6
What is the value of 1 + 1 + -11 + 5 + 3?
-1
Evaluate 4 + 2 - (3 - -9).
-6
What is the value of (9 - 11) + 7 - -1?
6
Calculate 72 - 65 - (-1 + 0 + 5).
3
7 + (3 - (-2 - -9))
3
Calculate 1 + -4 + (-7 - -4) + 2.
-4
What is (6 - (3 - (-2 - 0))) + 2?
3
What is (-2 + 4 - (3 - 4)) + -8?
-5
What is the value of 1 + 2 + (-5 - (-1 + -3))?
2
-3 + (-3 - -4) + 4
2
Calculate (-8 - (-5 + 3 + -1)) + 0.
-5
-6 + 7 + -3 + -2 - -1
-3
What is 8 + (-21 + 10 - -2)?
-1
-1 + 3 + -2 + 1
1
What is -6 + 3 + 5 + 1?
3
Calculate (5 - 2 - 7) + 3.
-1
What is the value of 5 - 6 - (-6 + -3)?
8
What is -98 + 105 + (-10 - 3)?
-6
-20 - -25 - (0 - 0)
5
-6 + -2 - -3 - (5 - 8)
-2
Evaluate 6 + -3 - (1 + -4) - 1.
5
(29 - 22) + -1 + -1 + 0
5
(-4 - -1) + 10 + -6
1
What is -9 + (0 - 8) - -13?
-4
What is (-2 - (-3 + -1)) + -7 - 0?
-5
What is -11 - (-14 - -10) - -13?
6
Calculate (1 + -3 - (0 + 1)) + 8.
5
What is 128 - 127 - (1 + -6 + 0)?
6
Calculate 1 + 9 + -6 - 1.
3
Evaluate -6 + 7 - (-16 - -24).
-7
1 + -1 + 1 - (17 - 20)
4
-10 + 3 + (6 - 7)
-8
What is the value of (-1 - 1) + (-110 - -112)?
0
Evaluate -1 - -4 - (-5 - -5) - 5.
-2
What is 13 + 0 - ((13 - 4) + -4)?
8
Evaluate (-16 - (-3 - (3 - 4))) + 3.
-11
What is the value of -3 + -3 + -10 + (-9 - -17)?
-8
What is 11 - 6 - (0 + 4)?
1
Calculate -5 + 2 + -7 + 5.
-5
-17 + (2 - 1) - -9
-7
Evaluate 2 + 5 + 6 + -10 + -3.
0
3 + (-4 - -10) + -5
4
Calculate 0 + (-1 - (-6 + 3)) + 0.
2
What is the value of -4 - (-16 + 10 - (-1 + -1))?
0
Calculate -1 + -4 - (-2 - (-2 - 0)).
-5
What is the value of 1 - (-1 - (-2 + (-2 - -6)))?
4
Calculate -5 + 0 + (-1 + -3 - -10).
1
Calculate -2 - (12 - 6 - 10).
2
7 + -3 + -7 + 0
-3
6 + 5 - (15 - -3)
-7
Calculate 0 - 2 - (49 + -48).
-3
Calculate 1 + -3 + 3 - (1 + 1).
-1
Evaluate (-128 - -128) + 1 + -5.
-4
Evaluate 1 + -5 + 13 + -14.
-5
-5 + -3 + 1 + 7 + -1
-1
Calculate 2 + (1 - 4) + 9 + -6.
2
Evaluate -5 - -1 - (51 + -44).
-11
Evaluate -8 - (-5 - (-3 - -11)).
5
What is (1 - 5) + (-23 - -23)?
-4
What is the value of 3 - -7 - 5 - 2?
3
What is the value of -1 - (15 - (4 + 6))?
-6
Evaluate 2 + (4 - -2) + -3.
5
What is 26 + -8 + (-1 - 9)?
8
What is 1 + (0 - 2) + (-30 - -28)?
-3
3 + (2 - 4) + 1
2
6 - 3 - -4 - 1
6
6 + 1 - (0 + 7)
0
Calculate -3 + (2 - 1) + -5 + 7.
0
Calculate (5 - 0 - -1) + 1 + -10.
-3
What is 4 - ((2 - -4) + -1)?
-1
What is 4 + (3 - (10 + -2))?
-1
-3 - (-11 + 6 + 5)
-3
Evaluate -6 + (7 - 3) + -2.
-4
Evaluate -3 + 9 + -2 - (6 - 6).
4
-1 - -1 - (-5 + 5 + 0)
0
What is the value of -1 + 5 + -7 + 5 + -1?
1
What is the value of (2 - 3) + -1 + -3 + 9?
4
What is (-1 - (-2 - -4)) + (-66 - -68)?
-1
Evaluate 7 - ((7 - 2) + 5).
-3
Evaluate 11 + (-5 - (-2 - -3)).
5
What is the value of -7 - ((-15 - 3) + 5)?
6
What is 1 - 9 - (-5 + 8 + -7)?
-4
Evaluate -1 - 0 - (-1 - 1).
1
Calculate -12 + 4 - (-3 - 0).
-5
Evaluate -5 - (-3 - 9) - 1.
6
Evaluate 7 + -8 + -5 + 3.
-3
What is 2 + -2 + 35 + -40?
-5
Evaluate 8 + (2 - (5 - -6)).
-1
Evaluate 3 + (-4 - (-4 + 2)) - 7.
-6
Evaluate 6 + (-5 - -4) + -6.
-1
Calculate -7 + 8 + -8 + 3.
-4
What is 0 + -1 + 8 - (46 - 32)?
-7
What is -2 + -3 + (7 - 2) + 0?
0
What is (4 + (-10 - -3) - -2) + 5?
4
-10 - -9 - (-5 - -15)
-11
Calculate (6 + -5 - 5) + 6.
2
Evaluate 3 + -10 - (-11 + 4).
0
What is 4 - (-1 - -3) - 6?
-4
Calculate -4 + -10 + 13 + -9.
-10
What is the value of (-7 + 3 - (-7 + 1)) + 0?
2
What is the value of 3 + -1 + 3 - (20 + -21)?
6
-7 + (0 - 5 - (-40 - -29))
-1
What is the value of (-1 - 9) + 2 + 11?
3
(6 - (-3 + 5)) + -4 - 3
-3
(20 - 26) + 2 + -1 - -1
-4
What is -5 - (5 - 7) - 3?
-6
What is -1 + (3 - 3 - -2)?
1
What is the value of -10 - (1 - 10 - (6 + -10))?
-5
What is 2 + 1 + (1 - 1)?
3
Evaluate 2 + (-2 + -10 - -1).
-9
What is the value of -11 - (19 + -29 + (2 - -1))?
-4
Calculate -5 + 2 + 2 - -2 - 0.
1
Calculate (-5 + 4 - -3 - -2) + -6.
-2
Calculate -10 - -1 - (2 + -5) - -5.
-1
What is the value of 12 - (-8 + (25 - 13))?
8
Evaluate 1 - (-4 + (-4 - (3 - 3))).
9
8 + (-7 - 9) + 12
4
What is the value of -7 + 1 + (-2 + 9 - 7)?
-6
-8 - (-9 + (0 - -1) + 4)
-4
What is the value of 1 + -3 - (-2 + -4)?
4
Calculate (-28 - -31) + (1 - 2).
2
What is the value of (27 - 14 - 11) + -11?
-9
What is the value of -7 + (-55 - -55) + 5 + 0?
-2
What is the value of 13 + -17 + (2 - 0)?
-2
Calculate -3 + 6 + 3 + -7 + 1.
0
What is the value of 1 - (4 - 7 - -9)?
-5
What is 5 + -16 + 10 - -5?
4
Calculate 0 + 7 - (146 - 138).
-1
Calculate 4 - (-6 + 2 - (9 + -12)).
5
Calculate 1 + -4 - -3 - (-8 - -11).
-3
1 + -2 + 2 - 4
-3
14 - ((10 - 12) + 9)
7
What is -2 + (8 - 5) - 3?
-2
What is the value of 2 + 1 - 1 - (0 + 1)?
1
Calculate -20 - -11 - (-6 + 3 - -1).
-7
What is 1 - -2 - (8 - (9 - 3))?
1
What is the value of (4 + -1 - 5) + (-5 - -4)?
-3
42 + -26 + (-10 - -1)
7
What is (6 - 4) + 2 + -2 + 1?
3
Calculate -4 + 11 + -5 + -1 - -6.
7
Evaluate -1 + -3 + -42 + 51.
5
What is 3 - (2 + -2 + 1)?
2
(-4 - -1) + -2 - (-23 - -17)
1
What is the value of (-4 + -4 - -8) + 6?
6
Calculate -86 + 67 - (-3 - 6).
-10
Calculate -6 + 4 - (-1 - (5 + -2)).
2
-4 + 5 - (7 - 6)
0
Evaluate -8 + 1 + -62 + 68.
-1
Calculate 4 + (0 - -3) + -8.
-1
Calculate -7 + (10 - 1 - 4).
-2
What is -6 + (93 + -86 - (0 - 1))?
2
Calculate -1 + (0 + 9 - 3) + -2.
3
3 + (-5 - -7 - 7)
-2
(6 + -3 - 3 - 0) + 5
5
1 + -7 - (-17 + 15)
-4
Evaluate 7 - (6 - (-7 - -3)).
-3
Calculate 9 - (20 - 5) - -5.
-1
Calculate 2 + (-1 - -6) + -4 + -8.
-5
What is -9 + (-1 - (-3 + 4 + -3))?
-8
What is (4 - (-6 + (1 - -15))) + 1?
-5
0 + 0 - (-2 - 6 - -2)
6
What is the value of 1 + 8 + (-5 - 9)?
-5
Calculate -4 + (2 - 2) + 1.
-3
What is the value of (0 - -3) + -5 + -3 + 2?
-3
Calculate (0 - -3) + (7 - (8 - -1)).
1
Evaluate -4 + (-4 + 10 - -1).
3
Evaluate 5 + 